 Let y be k(5). What is the highest common factor of 8 and y?
8
Suppose -37*h = -59068 - 25662. Calculate the highest common divisor of h and 10.
10
Let h(r) = -r**3 + 11*r**2 + 3*r + 39. Let u be h(9). Calculate the highest common divisor of 444 and u.
12
Let o(v) be the second derivative of v**4/4 + 5*v**3/3 - 5*v**2/2 + 26*v. Let q be o(5). What is the greatest common divisor of q and 48?
24
Let i be 592 + (-5 + 14 - 5)*(-4 - -3). What is the highest common divisor of 9604 and i?
196
Suppose h + 4*s = 565, -1073*h + 520 = -1072*h - 5*s. Calculate the highest common factor of 40 and h.
5
Let m be (-4 - 2)*(-20)/(-15). Let t(x) be the third derivative of x**5/60 - 2*x**3/3 + 6*x**2. Let g be t(m). What is the highest common divisor of g and 40?
20
Let t be 4/42*7 + (-2)/3. Suppose 3*b = -9, t = 81*i - 83*i - 2*b + 42. Suppose -5*a = -1 - 29. What is the greatest common divisor of i and a?
6
Suppose 11*b + 626 = -22 + 3024. Calculate the greatest common divisor of b and 306.
18
Let c = 9353 + -4053. What is the greatest common factor of 212 and c?
212
Let m = 27367 + -27279. Calculate the highest common factor of m and 9548.
44
Suppose -n - 10 = -3*b, -5*b - 5*n + 7*n = -17. Suppose -4*h = h + 3*z - 32, -12 = -b*z. What is the highest common divisor of h and 292?
4
Suppose -1366 = -28*c + 314. What is the highest common divisor of 4890 and c?
30
Suppose -327*m + 29963 = -66175. What is the greatest common factor of 276 and m?
6
Let d = 18 + -19. Let v be d + (-4 - -7) + 2. Suppose 3*t + 168 = 5*q, 5*q + 0*t = v*t + 169. What is the highest common divisor of q and 66?
33
Let w be -52 - (4/(-1) - 4 - -4). Let s = w - -162. Let y = 36 + 2. Calculate the greatest common divisor of s and y.
38
Let s(y) be the second derivative of 5/2*y**2 + 0 - 4*y + 5/6*y**3 - 1/12*y**4. Let q be s(4). What is the greatest common divisor of q and 81?
9
Suppose 0 = -5*a + 9*a - 924. Let u(c) = -65*c**3 - 3*c**2 - 14*c - 10. Let w be u(-1). What is the highest common factor of w and a?
33
Suppose -1239 = 47*s - 18723. Calculate the greatest common divisor of s and 9858.
186
Let q be (1*19)/(3/(0 + 108)). Suppose -19*c + q = -342. What is the highest common factor of 6 and c?
6
Let o = -1982 - -2388. Calculate the highest common divisor of 87 and o.
29
Let k be (1 - (-53)/3)/(148/222). Let u be 7182/k + (-6)/4. Calculate the greatest common factor of u and 15.
15
Suppose 2*b - 96 = -7*y + 3*y, 5*b + 90 = 5*y. Let x = 25 - 15. Suppose 13*k - 462 = x*k. Calculate the greatest common divisor of y and k.
22
Let a(g) = 2*g - 10. Let q be a(6). Suppose q*b - 3 = 3*p + 46, 4*b = -p + 63. Suppose 340 = 19*m - b*m. Calculate the highest common factor of m and 17.
17
Let q be 3576/298 + 32/1. Calculate the greatest common divisor of 1122 and q.
22
Suppose -28453 - 13196 = -65*i + 99011. What is the greatest common divisor of i and 8?
4
Let d = 2214 - 2201. What is the highest common factor of d and 14?
1
Let g(q) = -q**3 - 22*q**2 + 189*q + 93. Let m be g(-31). Calculate the highest common divisor of m and 93.
93
Let s(p) = 2*p**2 - 6*p + 20. Let c be s(-16). What is the highest common factor of 36 and c?
4
Suppose 0 = b + 3*i - 4, -5*b + 5 = 2*i - 2. Let g be (-7 - -6)*(-4)/(-8)*6. Let a be 11/5 + (-24)/90*g. What is the greatest common divisor of a and b?
1
Suppose 5*q + 1118 = i - 418, -3*q + 2*i - 916 = 0. Let g = 392 + q. Calculate the greatest common factor of g and 378.
42
Let j = -4160 - -4177. Calculate the greatest common factor of j and 8517.
17
Suppose 2*v + 14*j - 15*j = 14, 0 = 4*v - j - 26. Calculate the greatest common factor of v and 454.
2
Let g be (-17)/34*(-290 - -2). Calculate the highest common factor of g and 156.
12
Let f(n) = -10*n + 479*n**2 - 10 - 4 - 481*n**2 + 2*n**3. Let c be f(4). Calculate the highest common divisor of c and 672.
42
Suppose 0 = -12*c + 10*c. Let v(o) = c*o**2 + 12 - 26 + 19*o - 2*o**2 + 9. Let q be v(7). What is the greatest common divisor of q and 18?
6
Let z(s) = 44*s**2 + 2*s + 3. Let v be z(-2). Let q be (-2)/(9/((-31689)/(-14))). Let i = q + 528. Calculate the highest common divisor of i and v.
25
Let m(w) = 26*w + 1338. Let a be m(-48). What is the highest common factor of a and 558?
18
Let l(g) = -9*g - 505. Let n be l(-65). Calculate the greatest common factor of n and 18520.
40
Suppose 0 = -27*v + 13*v + 1428. Suppose 2*h = 3*n + 51, 0 = 5*h - 4*n - v - 43. What is the greatest common factor of h and 132?
33
Let o be (-140030)/(-603) - (-4)/(-18). Calculate the highest common divisor of o and 58.
58
Suppose -3*i + 3090 = 3*h - 4*i, 0 = -h - 3*i + 1030. Calculate the greatest common factor of h and 60.
10
Let j(g) = 2*g**2 + 6*g + 7. Let k = 290 + -293. Let f be j(k). Calculate the highest common divisor of 49 and f.
7
Let r be 4/3*(1 - -2). Let b be (-10)/r*(-28)/10. Let h(c) = c**3 - 12*c**2 + 16*c - 48. Let y be h(11). What is the highest common factor of y and b?
7
Let a = -28875 + 28907. What is the greatest common divisor of a and 173?
1
Let x(w) = 11*w**2 - 20*w - 11. Let m be x(3). Let v(b) = 126*b**2 - b - 1. Let n be v(-1). Calculate the greatest common divisor of n and m.
14
Let s be (-5593)/34*-14 + (-1 - -1). Calculate the greatest common factor of s and 188.
47
Suppose 0 = 196*x - 287*x + 33579. What is the greatest common divisor of x and 144?
9
Let i(d) = 15*d**2 - 137*d - 9. Let f(b) = -b**2 - 12*b + 23. Let j be f(-13). Let h be i(j). What is the greatest common factor of 55 and h?
11
Suppose -96 = 23*a - 35*a. Let y(m) be the second derivative of m**4/12 - m**3/6 + 12*m**2 - m. Let b be y(a). What is the greatest common divisor of 40 and b?
40
Suppose 3*z = -4*s + 28, s + 6 = z - 8. Let g(a) = 3*a + 45. Let m be g(17). Calculate the highest common divisor of z and m.
12
Let c be 1 + -2 + 6/2. Let q(j) = -j**3 - 36*j**2 - 43*j + 73. Let p be q(-35). Let k = p - 348. What is the greatest common factor of k and c?
1
Suppose -33*q - 570 = -71*q + 32*q. Calculate the highest common factor of 3211 and q.
19
Let r = 236 - 92. Let a = 201 - r. Let t be -3*(-1 + 32/(-6)). What is the highest common divisor of a and t?
19
Let q(b) = 877 - 3*b**2 - 4*b + 5*b**2 + 5*b - 435 - 436. Let p be (0 + 1)/(2/(-10)). Let g be q(p). Calculate the highest common factor of 153 and g.
51
Let o(i) = i**3 + 15*i**2 - 21*i + 7. Let n(x) = -x - 22. Let d be n(-6). Let b be o(d). Let y = b + -67. What is the greatest common factor of 140 and y?
20
Let v be ((-187)/22 - -10)*52/2. Suppose 2*s + 126 + 91 = 5*w, 0 = -4*s - 3*w - 421. Let d = s - -158. What is the greatest common factor of v and d?
13
Suppose 5*q + 0*q - 5*k = 55, k = 4*q - 50. Let b be (-8)/(1 + 12/(-8)). Let r be 6*4/(b/26). What is the highest common divisor of r and q?
13
Let p = -2576 + 4738. What is the highest common factor of p and 46?
46
Suppose -4*u + 353 = m, 5*m - 7 + 2 = 0. Let q be u*(-5)/20*-5. Suppose l = t - 4*l - q, -374 = -3*t + 4*l. What is the greatest common factor of 26 and t?
26
Suppose 0 = 13*w - 763 - 407. Let m be -4*(6/(-6) + 7/(-2)). What is the greatest common factor of m and w?
18
Let d(h) = 2*h**3 + 41*h**2 - 5*h + 341. Let t be d(-21). What is the greatest common factor of 765 and t?
5
Let s be ((-1625407)/(-84) - -8) + 7 - 3/36. Calculate the highest common factor of 15 and s.
15
Let o(d) be the second derivative of d**4/12 - 5*d**3/3 + 13*d**2 - 102*d. Let t be o(4). Let b = 49 + -31. What is the highest common factor of b and t?
2
Let g(v) be the first derivative of v**3/3 + 7*v**2/2 + 26. Let c be g(-8). What is the highest common factor of 232 and c?
8
Suppose 260 = 10*u - 20*u. Let q = -20 - u. Suppose -474 = -q*h + 30. Calculate the highest common factor of 210 and h.
42
Let r be (-56)/(-98) + (-121998)/(-21). Suppose -24*g = -3190 - r. What is the greatest common divisor of g and 225?
75
Let j = 21442 - 21274. Calculate the highest common factor of j and 2562.
42
Suppose -2 = -2*k, -4*j = 5*k + 429 + 1882. Let u = j - -1038. Calculate the greatest common factor of 54 and u.
27
Let a = -5992 + 4262. Let o = a + 1763. Let v be 1*2/((-2)/(-55)). What is the highest common divisor of o and v?
11
Let q be (-10 - -12)/(16/120). Let r = -3 + 30. What is the highest common divisor of r and q?
3
Let h = 218 + -218. Suppose 0 = -w - 